nd m?
11
Suppose -63*p - 319815 = -372*p. What is the highest common divisor of 230 and p?
115
Let p = -2937 + 4509. What is the greatest common divisor of p and 36?
12
Let x = -900 + 1638. Suppose -x = -5*z - 0*z + 3*y, 4*z = -4*y + 616. What is the highest common factor of 100 and z?
50
Let k(d) be the second derivative of -5*d**3/6 - 38*d**2 - 72*d. Let t be k(-28). What is the highest common factor of t and 24?
8
Suppose 7*m = 2*m + 30. Suppose 3*z - 4*z = -8*z + 714. What is the highest common divisor of z and m?
6
Let m be 15/3 + -3*1. Suppose -3*b + 4*h - 89 = 0, -3*b + 2*b + h = 29. Let p = -11 - b. Calculate the greatest common factor of m and p.
2
Suppose 5*l + 462 = 27*l. Let s(n) = n**2 + 10*n + 38. Let r be s(-6). Calculate the highest common factor of l and r.
7
Suppose 12 = 7*q - 3*q. Suppose 2*h = 4*b - 26, -q*b + 0 - 13 = 5*h. Let c be 9*-2*(-4)/6. Calculate the highest common divisor of c and b.
4
Let c(h) = 12*h + 230. Let g be c(-10). What is the greatest common divisor of g and 4895?
55
Let x(l) = -2*l - 1. Let n(j) = -j**3 - 5*j**2 + 14*j + 16. Let f(d) = -n(d) - 5*x(d). Let s be f(-5). What is the highest common divisor of 27 and s?
9
Let d(t) = -100*t + 1422. Let m be d(14). What is the highest common factor of m and 1793?
11
Suppose 0 = 9*d - 8*d + 1, 2*d = 5*b - 22. Suppose -31*v = -b*v - 729. Calculate the highest common factor of 27 and v.
27
Let t(n) = 268*n - 1 - 7 + 2 + 1. Let w be t(3). What is the highest common divisor of w and 17?
17
Suppose -122*v = 4*t - 117*v - 460, 0 = -t + v + 115. Calculate the highest common factor of t and 2714.
23
Suppose 4*o - 4231 = 7081. Suppose -42*d - o = -49*d. What is the highest common divisor of d and 4?
4
Let u = 6618 + -6448. What is the highest common factor of 390 and u?
10
Let f(v) = -2*v**2 - 34*v + 6. Let a be f(-16). Suppose 2*k + 36 = 2*j - 32, j = -3*k + a. What is the greatest common divisor of j and 245?
35
Let d = -284 - -284. Suppose 2*x - 4*p - 300 = -x, -4*p = d. What is the greatest common divisor of 4 and x?
4
Let j = -3118 - -3124. What is the highest common factor of j and 1500?
6
Suppose -28 = -5*p - 13. Suppose p*m = 5*m - 2. Let f be (m/(-2)*2)/(-1) + 10. What is the greatest common factor of f and 99?
11
Suppose -5*y = -l + 15, -5*l - 5*y - 1462 + 1507 = 0. Calculate the highest common factor of l and 130.
10
Let o(x) = x**3 - 67*x**2 + 68*x + 52. Let n be o(66). Calculate the highest common divisor of n and 26772.
92
Suppose 4*n + 21 = n + 2*d, -2*n - 22 = -4*d. Let v be 825/5 + (-15)/n. Calculate the highest common divisor of 126 and v.
42
Let r be 14 - -385 - 6/(-4 + 4 - -2). Calculate the greatest common factor of 9 and r.
9
Let l(y) = -46*y**3 + 41*y**2 + 179*y - 66. Let n be l(-5). What is the highest common factor of 6 and n?
6
Let q(n) = 3*n**2 - 397*n - 3177. Let u be q(-8). What is the highest common divisor of u and 191?
191
Suppose -182 = 4*f - 8*f - 2*w, -5*w = 5*f - 235. What is the highest common factor of 6941 and f?
11
Let s = -2 - -2. Suppose u - 40 + 38 = s. Suppose u*w + 1 - 11 = 0. What is the highest common divisor of w and 5?
5
Let d(g) = 54*g - 1089. Let y be d(33). What is the highest common divisor of y and 1848?
231
Let f = -1461 + 1571. What is the greatest common factor of f and 15092?
22
Let c = -48 + 92. Suppose k - 264 - c = 0. Calculate the greatest common factor of k and 28.
28
Let n(g) = -27*g - 84. Let i(x) = -54*x - 165. Let y(c) = -4*i(c) + 7*n(c). Let m be y(-2). Calculate the highest common divisor of m and 63.
9
Let s be (246/36)/1 + (-1)/(-6). Let n = s + -2. Suppose 4*y - 22 = n*c, -13*c + 1 = -y - 15*c. Calculate the highest common factor of y and 21.
3
Let b = 302 - 280. Suppose 16*m + 912 = b*m. What is the greatest common divisor of 19 and m?
19
Let v = 145 - -123. Let k = v + -199. What is the highest common divisor of 299 and k?
23
Let l = -608 - -600. Let v be 522/24 + 6/l. Let a be 166/8 + (-1)/(-4). Calculate the greatest common divisor of a and v.
21
Let p(s) = s**2 + 4*s - 240. Let o be p(14). What is the highest common divisor of 495 and o?
3
Let u(x) be the second derivative of 29*x**3/6 + 27*x**2 + 60*x - 1. Let d be u(0). What is the highest common factor of 486 and d?
54
Suppose -o + 635 = -5*m + 8*m, -m + 201 = -5*o. What is the greatest common factor of m and 6541?
211
Suppose 55 = 3*s + 2*s. Let w(p) = -p**2 + 14*p - 22. Let v be w(s). Let o = v - -88. What is the greatest common factor of o and 11?
11
Let v be (-1022)/438 + (-110)/(-6). Calculate the greatest common divisor of 1772 and v.
4
Let u be -16 - (4 + -1 - 3). Let l = u + 21. Suppose -l*f + 5*q + 325 = -0*q, 2*f = -4*q + 160. Calculate the highest common factor of 14 and f.
14
Suppose -370 + 895 = 22*d - 465. Calculate the greatest common divisor of 545 and d.
5
Suppose 59*t = -7*t + 2453 + 7447. What is the greatest common factor of t and 10680?
30
Let r = -2490 + 3900. Let h = 2038 - r. Suppose -h = -5*p - 128. Calculate the greatest common factor of p and 40.
20
Let w = 37792 - 23809. Calculate the greatest common factor of w and 177.
177
Let h = 748 - 723. Suppose -256 = -h*m - 6. Let k be (20/(-3))/((-1)/6). Calculate the greatest common divisor of k and m.
10
Suppose -524 = -3*u - 5*k + 4*k, 5*k - 371 = -2*u. Let q = -61 + u. Suppose 2*x + q = 5*d, -9 + 25 = d - 2*x. What is the highest common divisor of 8 and d?
8
Let v = -124 + 167. Let f be (45 - v)/((-2)/(-23)). Calculate the greatest common factor of 437 and f.
23
Let r(n) = 3*n + 18. Let m = -63 - -75. Suppose 3*y = -2*f - f - m, 3*y + 13 = -4*f. Let s be r(y). Calculate the greatest common factor of s and 81.
9
Let n = 18 + 97. Let m = n - 104. Suppose 4*a - s - 209 = 187, a - 99 = -s. Calculate the highest common factor of m and a.
11
Suppose 2 = 3*r + 5*n, 0*r + 4*n + 12 = r. Suppose -6*v + 640 = r*v. Calculate the greatest common divisor of v and 16.
16
Let o = -86 + 86. Let y(c) = o - 6 + 26 + 24 - 2*c. Let p be y(14). What is the highest common divisor of p and 40?
8
Let x(j) = 3*j - 8. Let n be x(6). Let i(b) = -b**3 + 11*b**2 + 21*b + 25. Let m be i(12). Let y = m - 93. Calculate the greatest common divisor of y and n.
10
Let h(k) = -66*k**2 + 134*k - 1. Let m be h(2). What is the greatest common divisor of m and 49?
1
Let d be 38/(-57) - (-58)/6. Let i be 12/d*((-255)/(-2))/5. Suppose 4*c + 3*r - 70 = i, -c + r + 26 = 0. What is the highest common divisor of 2 and c?
2
Let x(d) = 13*d**2 - 8*d - 6. Let k be x(6). Suppose -4*c + 53*q + 256 = 58*q, 0 = -2*c - 4*q + 140. Calculate the highest common divisor of k and c.
18
Suppose -1539 - 686 = -z. What is the highest common divisor of z and 178?
89
Let d(u) = 2*u**3 - 6*u**2 + u + 7. Let i be d(5). Calculate the highest common factor of 203 and i.
7
Suppose -1033 = 3*w - 2*h, w - 5*w + 3*h - 1377 = 0. Let t = 501 + w. What is the greatest common divisor of t and 24?
12
Suppose -3*q = 3*g - 153, -20*g + 23*g + 2*q - 147 = 0. What is the greatest common divisor of 1470 and g?
15
Let s(q) = 314*q - 55. Let u(p) = -940*p + 164. Let b(l) = -16*s(l) - 5*u(l). Let x be b(-2). What is the highest common divisor of x and 12?
12
Let v = -1 + 5. Suppose 21 = v*t + 13. Let k be t/(-8) + 82/8. What is the greatest common divisor of 50 and k?
10
Suppose -p + 79 = -21. Suppose -14*j + 9*j - p = -5*k, 4*k + j - 105 = 0. Calculate the highest common divisor of k and 5.
5
Let x be 4*5/100 - 6432/(-40). Calculate the highest common factor of 1081 and x.
23
Suppose 57 = 16*p - 55. Suppose 3*k + 64 + 35 = 0. Let g be (-110)/k*42/5. Calculate the highest common factor of p and g.
7
Suppose 213*r - 56137 = -17371. What is the highest common divisor of 8554 and r?
182
Let w = -5 - -13. Let s(f) = f**2 - 3*f + 12. Let x be s(w). Suppose 111*t - 1534 = 52*t. Calculate the highest common factor of x and t.
26
Let t(a) = -178*a - 988. Let g be t(-28). Calculate the highest common factor of 148 and g.
148
Suppose -4*q + 126 = -11*q. Let s be (-3)/(4 + 75/q). Let m be 1110/210 + s/(-14) + 1. What is the greatest common divisor of 20 and m?
5
Let i(b) = -16*b**2 + 27*b - 75. Let z be i(3). Let g = 194 + z. Calculate the greatest common factor of 70 and g.
14
Let n be 2781/(-15) - (-6)/(-40)*4. Let m = -162 - n. Calculate the highest commo